 of 476?
False
Does 16 divide 87411?
False
Does 24 divide 1320?
True
Is 193 a factor of 62725?
True
Is 20 a factor of 1860?
True
Does 53 divide 12568?
False
Is 29 a factor of 473?
False
Does 42 divide 1890?
True
Does 76 divide 6840?
True
Is 237 a factor of 18012?
True
Is 9 a factor of 23580?
True
Does 3 divide 860?
False
Is 41 a factor of 697?
True
Is 4 a factor of 240?
True
Is 838 a multiple of 16?
False
Is 18 a factor of 9036?
True
Is 54 a factor of 4836?
False
Is 20 a factor of 1520?
True
Is 8 a factor of 376?
True
Does 61 divide 1157?
False
Is 1017 a multiple of 46?
False
Is 27 a factor of 561?
False
Does 47 divide 4794?
True
Is 39 a factor of 47853?
True
Is 45 a multiple of 17?
False
Does 2 divide 226?
True
Is 9090 a multiple of 23?
False
Is 41 a factor of 9049?
False
Does 129 divide 1564?
False
Does 24 divide 816?
True
Is 8202 a multiple of 276?
False
Is 91 a factor of 2912?
True
Is 2934 a multiple of 14?
False
Does 37 divide 44?
False
Does 14 divide 2879?
False
Does 260 divide 27040?
True
Does 29 divide 196?
False
Is 20 a factor of 13140?
True
Is 21 a factor of 896?
False
Is 48 a multiple of 6?
True
Is 1773 a multiple of 26?
False
Is 25 a factor of 850?
True
Is 13333 a multiple of 9?
False
Is 104 a factor of 10452?
False
Is 49 a factor of 1421?
True
Does 13 divide 6864?
True
Is 1854 a multiple of 7?
False
Does 40 divide 27160?
True
Is 8 a factor of 362?
False
Is 1860 a multiple of 62?
True
Does 65 divide 3376?
False
Does 6 divide 27?
False
Is 4863 a multiple of 21?
False
Is 234 a multiple of 3?
True
Is 40231 a multiple of 31?
False
Is 67 a multiple of 3?
False
Is 19 a multiple of 19?
True
Is 17200 a multiple of 10?
True
Is 4 a factor of 2870?
False
Is 1304 a multiple of 127?
False
Does 8 divide 832?
True
Is 89 a multiple of 89?
True
Is 15 a factor of 1232?
False
Does 33 divide 627?
True
Does 76 divide 407?
False
Does 19 divide 1862?
True
Does 20 divide 580?
True
Does 22 divide 11560?
False
Is 8 a factor of 20080?
True
Is 1117 a multiple of 24?
False
Is 27 a factor of 70281?
True
Does 65 divide 39520?
True
Is 30 a factor of 330?
True
Does 9 divide 81202?
False
Is 13 a factor of 242?
False
Is 126 a multiple of 21?
True
Is 42 a factor of 252?
True
Does 2 divide 474?
True
Is 24717 a multiple of 69?
False
Does 27 divide 1137?
False
Is 11 a factor of 951?
False
Is 6 a factor of 6052?
False
Is 28 a factor of 588?
True
Is 32400 a multiple of 8?
True
Is 2717 a multiple of 209?
True
Does 5 divide 59020?
True
Is 9918 a multiple of 14?
False
Is 900 a multiple of 36?
True
Is 5 a factor of 1493?
False
Does 3 divide 3210?
True
Is 738 a multiple of 4?
False
Does 31 divide 2077?
True
Is 50 a factor of 450?
True
Does 70 divide 58240?
True
Does 16 divide 222?
False
Is 2114 a multiple of 26?
False
Does 14 divide 181?
False
Is 720 a multiple of 29?
False
Is 193 a factor of 72954?
True
Does 48 divide 816?
True
Is 773 a multiple of 5?
False
Is 9 a factor of 7802?
False
Is 3995 a multiple of 52?
False
Is 293 a factor of 62409?
True
Does 9 divide 81?
True
Is 17 a factor of 16346?
False
Does 17 divide 20742?
False
Is 117 a factor of 4317?
False
Is 4812 a multiple of 3?
True
Is 3 a factor of 9489?
True
Is 143 a factor of 12499?
False
Is 109 a factor of 1133?
False
Is 175 a factor of 23975?
True
Is 4 a factor of 348?
True
Does 39 divide 515?
False
Is 750 a multiple of 7?
False
Is 1900 a multiple of 38?
True
Does 3 divide 457?
False
Is 3156 a multiple of 12?
True
Is 5 a factor of 44574?
False
Does 83 divide 5262?
False
Is 1465 even?
False
Is 3745 a multiple of 7?
True
Does 9 divide 44522?
False
Does 27 divide 484?
False
Is 15 a factor of 225?
True
Does 88 divide 2376?
True
Is 1900 a multiple of 50?
True
Is 4184 a multiple of 44?
False
Does 36 divide 10728?
True
Does 50 divide 16000?
True
Does 27 divide 378?
True
Is 32 a factor of 913?
False
Is 15356 a multiple of 11?
True
Is 577 a multiple of 2?
False
Is 2000 a multiple of 54?
False
Does 97 divide 5141?
True
Does 20 divide 10197?
False
Does 8 divide 11869?
False
Is 11 a factor of 364?
False
Is 46 a factor of 6324?
False
Is 760 a multiple of 20?
True
Is 19 a factor of 3990?
True
Is 27009 a multiple of 9?
True
Is 16 a factor of 2925?
False
Does 13 divide 9515?
False
Does 18 divide 1669?
False
Is 1239 a multiple of 24?
False
Is 2095 a multiple of 21?
False
Is 13 a factor of 1359?
False
Is 22 a factor of 4070?
True
Does 25 divide 331?
False
Is 2 a factor of 212?
True
Is 1434 a multiple of 62?
False
Is 158 a factor of 1485?
False
Does 15 divide 4050?
True
Is 4754 even?
True
Is 47 a factor of 1175?
True
Is 14 a factor of 2548?
True
Does 6 divide 2610?
True
Does 24 divide 216?
True
Does 8 divide 1928?
True
Does 16 divide 11296?
True
Does 13 divide 58094?
False
Is 1529 a multiple of 11?
True
Is 13 a factor of 15119?
True
Is 16 a factor of 234?
False
Does 41 divide 656?
True
Does 5 divide 81?
False
Is 187 a factor of 13430?
False
Does 17 divide 816?
True
Does 3 divide 49?
False
Is 2611 even?
False
Does 31 divide 1674?
True
Is 108 a factor of 324?
True
Is 14 a factor of 14316?
False
Is 10 a factor of 6288?
False
Does 29 divide 1914?
True
Is 8085 a multiple of 10?
False
Is 1606 a multiple of 8?
False
Does 95 divide 12445?
True
Is 119 a factor of 1482?
False
Is 23 a factor of 24656?
True
Is 851 a multiple of 37?
True
Does 30 divide 7585?
False
Does 23 divide 9476?
True
Is 171 a factor of 20520?
True
Is 762 a multiple of 34?
False
Is 38 a factor of 17400?
False
Is 21 a factor of 42?
True
Is 45537 a multiple of 217?
False
Is 43 a factor of 986?
False
Is 51 a factor of 2230?
False
Is 27180 a multiple of 25?
False
Is 1018 a multiple of 68?
False
Does 39 divide 663?
True
Is 2637 a multiple of 9?
True
Is 30 a factor of 28253?
False
Is 341 a factor of 134670?
False
Does 54 divide 2079?
False
Is 1920 a multiple of 16?
True
Is 20 a factor of 40?
True
Does 81 divide 794?
False
Is 1400 a multiple of 10?
True
Is 16 a factor of 27376?
True
Is 44555 a multiple of 70?
False
Is 4514 a multiple of 74?
True
Does 102 divide 2040?
True
Is 5308 a multiple of 8?
False
Does 38 divide 880?
False
Is 6354 a multiple of 8?
False
Is 1200 a multiple of 75?
True
Does 19 divide 399?
True
Does 3 divide 17402?
False
Is 33 a factor of 33591?
False
Is 9396 a multiple of 58?
True
Is 85 a multiple of 5?
True
Is 33 a factor of 1166?
False
Does 97 divide 291?
True
Is 25 a factor of 50?
True
Is 7094 a multiple of 157?
False
Is 20 a factor of 1188?
False
Is 10787 a multiple of 62?
False
Is 6978 a multiple of 23?
False
Does 29 divide 51823?
True
Is 51 a factor of 22606?
False
Does 7 divide 2135?
True
Does 12 divide 114756?
True
Is 3 a factor of 145?
False
Is 39 a factor of 22113?
True
Does 100 divide 10035?
False
Is 59 a factor of 2950?
True
Is 14656 a multiple of 64?
True
Is 43 a factor of 6665?
True
Is 4 a factor of 882?
False
Is 486 a multiple of 6?
True
Does 77 divide 542?
False
Does 13 divide 8303?
False
Does 11 divide 33330?
True
Does 196 divide 46060?
True
Is 18 a factor of 2052?
True
Is 306 a factor of 22338?
True
Does 13 divide 1876?
False
Is 1944 a multiple of 81?
True
Is 7 a factor of 1114?
False
Is 37 a factor of 2960?
True
Is 9 a factor of 4131?
True
Does 50 divide 28261?
False
Does 13 divide 735?
False
Is 8752 a multiple of 6?
False
Is 3 a factor of 328?
False
Is 5 a factor of 9115?
True
Is 690 a multiple of 30?
True
Is 11 a factor of 3278?
True
Is 5850 a multiple of 5?
True
Is 26 a factor of 1586?
True
Does 66 divide 4513?
False
Is 1034 a multiple of 47?
True
Is 38 a factor of 722?
True
Is 7109 a multiple of 11?
False
Is 276 a multiple of 9?
False
Is 585 a multiple of 13?
True
Is 6321 a multiple of 7?
True
Does 7 divide 490?
True
Does 4 divide 3000?
True
Does 6 divide 1446?
True
Is 20 a factor of 17120?
True
Does 6 divide 72?
True
Does 224 divide 6726?
False
Is 1084 a multiple of 18?
False
Does 11 divide 2431?
True
Is 51 a factor of 6449?
False
Is 880 a multiple of 8?
True
Does 23 divide 497?
False
Is 12 a factor of 9072?
True
Is 13 a factor of 23049?
True
Does 19 divide 6451?
False
Is 8 a factor of 80?
True
Does 302 divide 51038?
True
Is 4366 a multiple of 59?
True
Does 21 divide 678?
False
Does 85 divide 43467?
False
Is 990 a multiple of 3?
True
Is 63 a factor of 300?
False
Does 11 divide 55?
True
Does 45 divide 315?
True
Does 93 divide 762?
Fals